{"id":39,"date":"2020-10-30T23:15:10","date_gmt":"2020-10-30T23:15:10","guid":{"rendered":"http:\/\/2020.svwasserfreunde.de\/?page_id=39"},"modified":"2026-03-18T08:53:52","modified_gmt":"2026-03-18T07:53:52","slug":"links","status":"publish","type":"page","link":"https:\/\/www.svwasserfreunde.de\/?page_id=39","title":{"rendered":"Satzung \/ Antr\u00e4ge"},"content":{"rendered":"\n<p>Downloadbereich &#8211; einfach auf das jeweilige Bild klicken<\/p>\n\n\n\n<figure class=\"wp-block-gallery has-nested-images columns-default is-cropped wp-block-gallery-1 is-layout-flex wp-block-gallery-is-layout-flex\">\n<figure class=\"wp-block-image size-large\"><a href=\"http:\/\/www.svwasserfreunde.de\/wp-content\/uploads\/2025\/09\/Mitgliedsantrag-2025.pdf\" target=\"_blank\" rel=\"noreferrer noopener\"><img loading=\"lazy\" decoding=\"async\" width=\"400\" height=\"400\" data-id=\"1014\" src=\"https:\/\/www.svwasserfreunde.de\/wp-content\/uploads\/2024\/01\/1Mitgliedsantrag.jpg\" alt=\"\" class=\"wp-image-1014\" srcset=\"https:\/\/www.svwasserfreunde.de\/wp-content\/uploads\/2024\/01\/1Mitgliedsantrag.jpg 400w, https:\/\/www.svwasserfreunde.de\/wp-content\/uploads\/2024\/01\/1Mitgliedsantrag-300x300.jpg 300w, https:\/\/www.svwasserfreunde.de\/wp-content\/uploads\/2024\/01\/1Mitgliedsantrag-150x150.jpg 150w, https:\/\/www.svwasserfreunde.de\/wp-content\/uploads\/2024\/01\/1Mitgliedsantrag-111x111.jpg 111w\" sizes=\"auto, (max-width: 400px) 100vw, 400px\" \/><\/a><\/figure>\n\n\n\n<figure class=\"wp-block-image size-large\"><a href=\"http:\/\/www.svwasserfreunde.de\/wp-content\/uploads\/2023\/12\/230208_Jugendordnung_F01.pdf\" target=\"_blank\" rel=\"noreferrer noopener\"><img loading=\"lazy\" decoding=\"async\" width=\"400\" height=\"400\" data-id=\"1012\" src=\"https:\/\/www.svwasserfreunde.de\/wp-content\/uploads\/2024\/01\/1Jugendordnung.jpg\" alt=\"\" class=\"wp-image-1012\" srcset=\"https:\/\/www.svwasserfreunde.de\/wp-content\/uploads\/2024\/01\/1Jugendordnung.jpg 400w, https:\/\/www.svwasserfreunde.de\/wp-content\/uploads\/2024\/01\/1Jugendordnung-300x300.jpg 300w, https:\/\/www.svwasserfreunde.de\/wp-content\/uploads\/2024\/01\/1Jugendordnung-150x150.jpg 150w, https:\/\/www.svwasserfreunde.de\/wp-content\/uploads\/2024\/01\/1Jugendordnung-111x111.jpg 111w\" sizes=\"auto, (max-width: 400px) 100vw, 400px\" \/><\/a><\/figure>\n\n\n\n<figure class=\"wp-block-image size-large\"><a href=\"http:\/\/www.svwasserfreunde.de\/wp-content\/uploads\/2024\/01\/2023_Satzung.pdf\" target=\"_blank\" rel=\"noreferrer noopener\"><img loading=\"lazy\" decoding=\"async\" width=\"400\" height=\"400\" data-id=\"1011\" src=\"https:\/\/www.svwasserfreunde.de\/wp-content\/uploads\/2024\/01\/1Satzung.jpg\" alt=\"\" class=\"wp-image-1011\" srcset=\"https:\/\/www.svwasserfreunde.de\/wp-content\/uploads\/2024\/01\/1Satzung.jpg 400w, https:\/\/www.svwasserfreunde.de\/wp-content\/uploads\/2024\/01\/1Satzung-300x300.jpg 300w, https:\/\/www.svwasserfreunde.de\/wp-content\/uploads\/2024\/01\/1Satzung-150x150.jpg 150w, https:\/\/www.svwasserfreunde.de\/wp-content\/uploads\/2024\/01\/1Satzung-111x111.jpg 111w\" sizes=\"auto, (max-width: 400px) 100vw, 400px\" \/><\/a><\/figure>\n<\/figure>\n\n\n\n<figure class=\"wp-block-gallery has-nested-images columns-default is-cropped wp-block-gallery-2 is-layout-flex wp-block-gallery-is-layout-flex\">\n<figure class=\"wp-block-image size-large\"><a href=\"http:\/\/www.svwasserfreunde.de\/wp-content\/uploads\/2026\/01\/Elternbrief-neue-Mitglieder-2.pdf\" target=\"_blank\" rel=\" noreferrer noopener\"><img loading=\"lazy\" decoding=\"async\" width=\"400\" height=\"100\" data-id=\"1802\" src=\"https:\/\/www.svwasserfreunde.de\/wp-content\/uploads\/2026\/01\/Button-Elterninfo.jpg\" alt=\"\" class=\"wp-image-1802\" srcset=\"https:\/\/www.svwasserfreunde.de\/wp-content\/uploads\/2026\/01\/Button-Elterninfo.jpg 400w, https:\/\/www.svwasserfreunde.de\/wp-content\/uploads\/2026\/01\/Button-Elterninfo-300x75.jpg 300w\" sizes=\"auto, (max-width: 400px) 100vw, 400px\" \/><\/a><\/figure>\n\n\n\n<figure class=\"wp-block-image size-large\"><a href=\"http:\/\/www.svwasserfreunde.de\/wp-content\/uploads\/2026\/01\/Info-neue-Mitglieder.pdf\" target=\"_blank\" rel=\" noreferrer noopener\"><img loading=\"lazy\" decoding=\"async\" width=\"400\" height=\"100\" data-id=\"1803\" src=\"https:\/\/www.svwasserfreunde.de\/wp-content\/uploads\/2026\/01\/Button-Mitgliederinfo.jpg\" alt=\"\" class=\"wp-image-1803\" srcset=\"https:\/\/www.svwasserfreunde.de\/wp-content\/uploads\/2026\/01\/Button-Mitgliederinfo.jpg 400w, https:\/\/www.svwasserfreunde.de\/wp-content\/uploads\/2026\/01\/Button-Mitgliederinfo-300x75.jpg 300w\" sizes=\"auto, (max-width: 400px) 100vw, 400px\" \/><\/a><\/figure>\n<\/figure>\n\n\n\n<p>Ein eingereichter Mitgliedsantrag berechtigt nicht automatisch zur Teilnahme am Schwimmtraining bzw. am Gesundheitssport. M\u00f6gliche Trainingszeiten m\u00fcssen mit unserem Schwimmwart J\u00f6rg Kleinsteiber und eine Teilnahme an Gesundheitssportkursen mit Sandy Kleinsteiber abgesprochen werden. Schreib dazu einfach eine kurze E-Mail an info@svwasserfreunde.de schreiben, telefonisch erreichst Du uns unter 03693-470253.<\/p>\n\n\n\n<figure class=\"wp-block-gallery has-nested-images columns-default is-cropped wp-block-gallery-3 is-layout-flex wp-block-gallery-is-layout-flex\">\n<figure class=\"wp-block-image size-large\"><a href=\"http:\/\/www.svwasserfreunde.de\/wp-content\/uploads\/2024\/01\/2023_Beitragsordnung.pdf\" target=\"_blank\" rel=\"noreferrer noopener\"><img loading=\"lazy\" decoding=\"async\" width=\"400\" height=\"400\" data-id=\"1007\" src=\"https:\/\/www.svwasserfreunde.de\/wp-content\/uploads\/2024\/01\/1Beitragsordnung.jpg\" alt=\"\" class=\"wp-image-1007\" srcset=\"https:\/\/www.svwasserfreunde.de\/wp-content\/uploads\/2024\/01\/1Beitragsordnung.jpg 400w, https:\/\/www.svwasserfreunde.de\/wp-content\/uploads\/2024\/01\/1Beitragsordnung-300x300.jpg 300w, https:\/\/www.svwasserfreunde.de\/wp-content\/uploads\/2024\/01\/1Beitragsordnung-150x150.jpg 150w, https:\/\/www.svwasserfreunde.de\/wp-content\/uploads\/2024\/01\/1Beitragsordnung-111x111.jpg 111w\" sizes=\"auto, (max-width: 400px) 100vw, 400px\" \/><\/a><\/figure>\n\n\n\n<figure class=\"wp-block-image size-large\"><a href=\"http:\/\/www.svwasserfreunde.de\/wp-content\/uploads\/2024\/01\/2023_Fahrtkostenordnung.pdf\" target=\"_blank\" rel=\" noreferrer noopener\"><img loading=\"lazy\" decoding=\"async\" width=\"400\" height=\"400\" data-id=\"1009\" src=\"https:\/\/www.svwasserfreunde.de\/wp-content\/uploads\/2024\/01\/1Fahrtkostenordnung.jpg\" alt=\"\" class=\"wp-image-1009\" srcset=\"https:\/\/www.svwasserfreunde.de\/wp-content\/uploads\/2024\/01\/1Fahrtkostenordnung.jpg 400w, https:\/\/www.svwasserfreunde.de\/wp-content\/uploads\/2024\/01\/1Fahrtkostenordnung-300x300.jpg 300w, https:\/\/www.svwasserfreunde.de\/wp-content\/uploads\/2024\/01\/1Fahrtkostenordnung-150x150.jpg 150w, https:\/\/www.svwasserfreunde.de\/wp-content\/uploads\/2024\/01\/1Fahrtkostenordnung-111x111.jpg 111w\" sizes=\"auto, (max-width: 400px) 100vw, 400px\" \/><\/a><\/figure>\n\n\n\n<figure class=\"wp-block-image size-full\"><a href=\"http:\/\/www.svwasserfreunde.de\/wp-content\/uploads\/2025\/01\/2025_Honorarordnung.pdf\" target=\"_blank\" rel=\" noreferrer noopener\"><img loading=\"lazy\" decoding=\"async\" width=\"400\" height=\"400\" data-id=\"1008\" src=\"http:\/\/www.svwasserfreunde.de\/wp-content\/uploads\/2024\/01\/1Honorarordnung.jpg\" alt=\"\" class=\"wp-image-1008\" srcset=\"https:\/\/www.svwasserfreunde.de\/wp-content\/uploads\/2024\/01\/1Honorarordnung.jpg 400w, https:\/\/www.svwasserfreunde.de\/wp-content\/uploads\/2024\/01\/1Honorarordnung-300x300.jpg 300w, https:\/\/www.svwasserfreunde.de\/wp-content\/uploads\/2024\/01\/1Honorarordnung-150x150.jpg 150w, https:\/\/www.svwasserfreunde.de\/wp-content\/uploads\/2024\/01\/1Honorarordnung-111x111.jpg 111w\" sizes=\"auto, (max-width: 400px) 100vw, 400px\" \/><\/a><\/figure>\n<\/figure>\n\n\n\n<div class=\"wp-block-columns is-layout-flex wp-container-core-columns-is-layout-9d6595d7 wp-block-columns-is-layout-flex\">\n<div class=\"wp-block-column is-layout-flow wp-block-column-is-layout-flow\">\n<figure class=\"wp-block-image size-full\"><a href=\"http:\/\/www.svwasserfreunde.de\/wp-content\/uploads\/2025\/09\/Beantragung_Fuehrungszeugnis.pdf\" target=\"_blank\" rel=\" noreferrer noopener\"><img loading=\"lazy\" decoding=\"async\" width=\"400\" height=\"100\" src=\"http:\/\/www.svwasserfreunde.de\/wp-content\/uploads\/2025\/09\/Button-Fuehrungszeugnis.jpg\" alt=\"\" class=\"wp-image-1621\" srcset=\"https:\/\/www.svwasserfreunde.de\/wp-content\/uploads\/2025\/09\/Button-Fuehrungszeugnis.jpg 400w, https:\/\/www.svwasserfreunde.de\/wp-content\/uploads\/2025\/09\/Button-Fuehrungszeugnis-300x75.jpg 300w\" sizes=\"auto, (max-width: 400px) 100vw, 400px\" \/><\/a><\/figure>\n<\/div>\n\n\n\n<div class=\"wp-block-column is-layout-flow wp-block-column-is-layout-flow\">\n<figure class=\"wp-block-image size-full\"><a href=\"http:\/\/www.svwasserfreunde.de\/wp-content\/uploads\/2025\/09\/Antrag-Erstattung-Fahrtkosten-2.pdf\"><img loading=\"lazy\" decoding=\"async\" width=\"400\" height=\"100\" src=\"https:\/\/www.svwasserfreunde.de\/wp-content\/uploads\/2025\/09\/Button-Fahrtkosten.jpg\" alt=\"\" class=\"wp-image-1606\" srcset=\"https:\/\/www.svwasserfreunde.de\/wp-content\/uploads\/2025\/09\/Button-Fahrtkosten.jpg 400w, https:\/\/www.svwasserfreunde.de\/wp-content\/uploads\/2025\/09\/Button-Fahrtkosten-300x75.jpg 300w\" sizes=\"auto, (max-width: 400px) 100vw, 400px\" \/><\/a><\/figure>\n<\/div>\n\n\n\n<div class=\"wp-block-column is-layout-flow wp-block-column-is-layout-flow\">\n<figure class=\"wp-block-gallery has-nested-images columns-default is-cropped wp-block-gallery-4 is-layout-flex wp-block-gallery-is-layout-flex\">\n<figure class=\"wp-block-image size-full\"><a href=\"http:\/\/www.svwasserfreunde.de\/wp-content\/uploads\/2025\/09\/Kinderschutz-Ehrenkodex.pdf\" target=\"_blank\" rel=\" noreferrer noopener\"><img loading=\"lazy\" decoding=\"async\" width=\"500\" height=\"125\" data-id=\"1629\" src=\"https:\/\/www.svwasserfreunde.de\/wp-content\/uploads\/2025\/09\/Button-Ehrenkodex-500.jpg\" alt=\"\" class=\"wp-image-1629\" srcset=\"https:\/\/www.svwasserfreunde.de\/wp-content\/uploads\/2025\/09\/Button-Ehrenkodex-500.jpg 500w, https:\/\/www.svwasserfreunde.de\/wp-content\/uploads\/2025\/09\/Button-Ehrenkodex-500-300x75.jpg 300w\" sizes=\"auto, (max-width: 500px) 100vw, 500px\" \/><\/a><\/figure>\n<\/figure>\n<\/div>\n<\/div>\n\n\n\n<p><\/p>\n","protected":false},"excerpt":{"rendered":"<p>Downloadbereich &#8211; einfach auf das jeweilige Bild klicken Ein eingereichter Mitgliedsantrag berechtigt nicht automatisch zur Teilnahme am Schwimmtraining bzw. am Gesundheitssport. M\u00f6gliche Trainingszeiten m\u00fcssen mit unserem Schwimmwart J\u00f6rg Kleinsteiber und eine Teilnahme an Gesundheitssportkursen mit Sandy Kleinsteiber abgesprochen werden. Schreib &hellip; <\/p>\n","protected":false},"author":3,"featured_media":0,"parent":0,"menu_order":77,"comment_status":"closed","ping_status":"closed","template":"","meta":{"footnotes":""},"class_list":["post-39","page","type-page","status-publish","hentry"],"_links":{"self":[{"href":"https:\/\/www.svwasserfreunde.de\/index.php?rest_route=\/wp\/v2\/pages\/39","targetHints":{"allow":["GET"]}}],"collection":[{"href":"https:\/\/www.svwasserfreunde.de\/index.php?rest_route=\/wp\/v2\/pages"}],"about":[{"href":"https:\/\/www.svwasserfreunde.de\/index.php?rest_route=\/wp\/v2\/types\/page"}],"author":[{"embeddable":true,"href":"https:\/\/www.svwasserfreunde.de\/index.php?rest_route=\/wp\/v2\/users\/3"}],"replies":[{"embeddable":true,"href":"https:\/\/www.svwasserfreunde.de\/index.php?rest_route=%2Fwp%2Fv2%2Fcomments&post=39"}],"version-history":[{"count":54,"href":"https:\/\/www.svwasserfreunde.de\/index.php?rest_route=\/wp\/v2\/pages\/39\/revisions"}],"predecessor-version":[{"id":1866,"href":"https:\/\/www.svwasserfreunde.de\/index.php?rest_route=\/wp\/v2\/pages\/39\/revisions\/1866"}],"wp:attachment":[{"href":"https:\/\/www.svwasserfreunde.de\/index.php?rest_route=%2Fwp%2Fv2%2Fmedia&parent=39"}],"curies":[{"name":"wp","href":"https:\/\/api.w.org\/{rel}","templated":true}]}}